alculate the remainder when 999 is divided by 59.
55
What is the remainder when 395 is divided by 166?
63
What is the remainder when 2654 is divided by 22?
14
Calculate the remainder when 484 is divided by 19.
9
Calculate the remainder when 592 is divided by 35.
32
Calculate the remainder when 1787 is divided by 306.
257
Calculate the remainder when 7335 is divided by 319.
317
Calculate the remainder when 145 is divided by 74.
71
Calculate the remainder when 270 is divided by 138.
132
Calculate the remainder when 4364 is divided by 39.
35
What is the remainder when 251 is divided by 28?
27
Calculate the remainder when 458 is divided by 96.
74
Calculate the remainder when 3547 is divided by 11.
5
Calculate the remainder when 133 is divided by 35.
28
Calculate the remainder when 2696 is divided by 9.
5
Calculate the remainder when 587 is divided by 203.
181
What is the remainder when 1129 is divided by 189?
184
Calculate the remainder when 4574 is divided by 8.
6
Calculate the remainder when 68 is divided by 33.
2
Calculate the remainder when 59 is divided by 58.
1
What is the remainder when 1017 is divided by 101?
7
Calculate the remainder when 129 is divided by 116.
13
Calculate the remainder when 1133 is divided by 142.
139
Calculate the remainder when 436 is divided by 91.
72
What is the remainder when 186 is divided by 47?
45
What is the remainder when 1422 is divided by 21?
15
Calculate the remainder when 1080 is divided by 19.
16
Calculate the remainder when 4737 is divided by 15.
12
Calculate the remainder when 7940 is divided by 3.
2
Calculate the remainder when 770 is divided by 156.
146
What is the remainder when 358 is divided by 108?
34
What is the remainder when 4091 is divided by 373?
361
Calculate the remainder when 5417 is divided by 5.
2
Calculate the remainder when 249 is divided by 51.
45
Calculate the remainder when 642 is divided by 65.
57
What is the remainder when 10033 is divided by 29?
28
Calculate the remainder when 122 is divided by 31.
29
What is the remainder when 2396 is divided by 17?
16
Calculate the remainder when 739 is divided by 6.
1
Calculate the remainder when 1361 is divided by 112.
17
What is the remainder when 224 is divided by 25?
24
What is the remainder when 369 is divided by 53?
51
Calculate the remainder when 598 is divided by 88.
70
What is the remainder when 1287 is divided by 75?
12
Calculate the remainder when 1504 is divided by 5.
4
What is the remainder when 463 is divided by 65?
8
What is the remainder when 844 is divided by 7?
4
What is the remainder when 1383 is divided by 126?
123
What is the remainder when 294 is divided by 104?
86
What is the remainder when 636 is divided by 232?
172
What is the remainder when 273 is divided by 6?
3
Calculate the remainder when 196 is divided by 11.
9
Calculate the remainder when 5188 is divided by 260.
248
What is the remainder when 880 is divided by 177?
172
What is the remainder when 94 is divided by 39?
16
Calculate the remainder when 789 is divided by 113.
111
Calculate the remainder when 6321 is divided by 34.
31
What is the remainder when 60404 is divided by 29?
26
What is the remainder when 324 is divided by 118?
88
What is the remainder when 7893 is divided by 282?
279
Calculate the remainder when 5219 is divided by 30.
29
What is the remainder when 310 is divided by 45?
40
What is the remainder when 55 is divided by 12?
7
Calculate the remainder when 94 is divided by 16.
14
Calculate the remainder when 536 is divided by 17.
9
What is the remainder when 568 is divided by 45?
28
What is the remainder when 520 is divided by 80?
40
Calculate the remainder when 1309 is divided by 316.
45
Calculate the remainder when 31843 is divided by 193.
191
Calculate the remainder when 1859 is divided by 185.
9
Calculate the remainder when 377 is divided by 46.
9
Calculate the remainder when 331 is divided by 83.
82
What is the remainder when 755 is divided by 6?
5
What is the remainder when 3976 is divided by 23?
20
What is the remainder when 338 is divided by 76?
34
What is the remainder when 1769 is divided by 71?
65
Calculate the remainder when 736 is divided by 164.
80
What is the remainder when 235 is divided by 34?
31
What is the remainder when 1142 is divided by 96?
86
What is the remainder when 66 is divided by 38?
28
Calculate the remainder when 108 is divided by 19.
13
Calculate the remainder when 221 is divided by 73.
2
What is the remainder when 82 is divided by 23?
13
What is the remainder when 388 is divided by 49?
45
Calculate the remainder when 102 is divided by 21.
18
What is the remainder when 2096 is divided by 61?
22
What is the remainder when 38500 is divided by 27?
25
What is the remainder when 981 is divided by 82?
79
What is the remainder when 109 is divided by 65?
44
Calculate the remainder when 162 is divided by 5.
2
What is the remainder when 5516 is divided by 15?
11
What is the remainder when 86 is divided by 56?
30
What is the remainder when 96 is divided by 9?
6
Calculate the remainder when 2914 is divided by 146.
140
Calculate the remainder when 439 is divided by 117.
88
What is the remainder when 337 is divided by 34?
31
What is the remainder when 1322 is divided by 5?
2
What is the remainder when 122 is divided by 26?
18
Calculate the remainder when 16371 is divided by 364.
355
What is the remainder when 664 is divided by 16?
8
What is the remainder when 168 is divided by 13?
12
What is the remainder when 4510 is divided by 21?
16
What is the remainder when 145 is divided by 37?
34
What is the remainder when 140 is divided by 48?
44
Calculate the remainder when 4292 is divided by 113.
111
What is the remainder when 28 is divided by 20?
8
What is the remainder when 105 is divided by 47?
11
What is the remainder when 47 is divided by 5?
2
What is the remainder when 242 is divided by 120?
2
Calculate the remainder when 217 is divided by 46.
33
What is the remainder when 15216 is divided by 10?
6
Calculate the remainder when 2621 is divided by 25.
21
What is the remainder when 123 is divided by 65?
58
Calculate the remainder when 27 is divided by 16.
11
What is the remainder when 250 is divided by 17?
12
What is the remainder when 9070 is divided by 42?
40
Calculate the remainder when 3972 is divided by 50.
22
What is the remainder when 308 is divided by 10?
8
What is the remainder when 15 is divided by 6?
3
Calculate the remainder when 510 is divided by 27.
24
What is the remainder when 1200 is divided by 172?
168
Calculate the remainder when 2199 is divided by 200.
199
What is the remainder when 412 is divided by 18?
16
What is the remainder when 1473 is divided by 88?
65
Calculate the remainder when 316 is divided by 106.
104
Calculate the remainder when 1839 is divided by 103.
88
Calculate the remainder when 105 is divided by 20.
5
What is the remainder when 1079 is divided by 189?
134
Calculate the remainder when 522 is divided by 48.
42
Calculate the remainder when 18942 is divided by 45.
42
Calculate the remainder when 487 is divided by 70.
67
What is the remainder when 174 is divided by 2?
0
Calculate the remainder when 131 is divided by 51.
29
Calculate the remainder when 1839 is divided by 173.
109
Calculate the remainder when 798 is divided by 51.
33
What is the remainder when 362 is divided by 13?
11
Calculate the remainder when 405 is divided by 178.
49
Calculate the remainder when 16 is divided by 6.
4
Calculate the remainder when 234 is divided by 22.
14
Calculate the remainder when 311 is divided by 310.
1
What is the remainder when 189 is divided by 52?
33
Calculate the remainder when 4496 is divided by 283.
251
What is the remainder when 3470 is divided by 112?
110
Calculate the remainder when 64 is divided by 59.
5
What is the remainder when 7013 is divided by 23?
21
Calculate the remainder when 344 is divided by 25.
19
Calculate the remainder when 598 is divided by 102.
88
What is the remainder when 2669 is divided by 30?
29
Calculate the remainder when 2408 is divided by 71.
65
Calculate the remainder when 177 is divided by 5.
2
What is the remainder when 389 is divided by 78?
77
Calculate the remainder when 229 is divided by 100.
29
Calculate the remainder when 571 is divided by 64.
59
Calculate the remai